+ (-51 + 45 - (0 - (-4 + 1)))?
-14
What is 140 + -4 - (736 + -691)?
91
What is the value of -15 + 64 + -63 + (0 + -1 - (5 - 8))?
-12
What is 85 + (9 - (-1 + 126))?
-31
What is the value of 42 + -2 + 4 + (-48 - -18 - -14)?
28
What is the value of (-61 + 47 + -5 - (-13 - 0)) + 3 + -25?
-28
-33 + (20 - 11 - 26) - -20
-30
Evaluate 67 + (-110 - (-81 + 86)).
-48
Calculate -4 + (-12 - (23 - -16)) + 20.
-35
Evaluate 55 + 13 + (-14 - -8 - -7).
69
What is the value of (-73 + 83 - 74) + (-9 - 13)?
-86
What is 65 - 55 - 34 - -63?
39
-114 + 33 + -52 + 62
-71
What is the value of -83 + 19 + -7 - (1 + 1 + -19)?
-54
What is (-10 - -5) + 14 + -9 + (2 - (1 + -29))?
30
(33 + 29 - -4 - -23) + 0 + -17
72
0 + -18 + (47 - (82 + -84))
31
Calculate (-27 - 128) + 35 + (5 - 4) - -4.
-115
What is (-8 - 0) + (0 - 11) + 21 + -102 + 53?
-47
Calculate -9 - (9 + -77 + 0).
59
10 - (4 - 0 - ((-7 - (1 + 3)) + 18))
13
What is the value of -55 - (-58 - (-8 - -9))?
4
Evaluate -3 - -77 - (85 + -48).
37
What is the value of 2 - 0 - (57 - 14) - (10 + -22)?
-29
Calculate (3 - -6 - -7) + (-34 - -50).
32
Calculate 0 + (38 - 47) + 38.
29
Evaluate 10 + 79 + (-154 - -19).
-46
-5 + 6 + -13 - ((0 - 40) + 1)
27
What is -28 + (42 + 40 - 9)?
45
Evaluate -16 + (-3 - -1) + 18 + 40 + -38.
2
Evaluate 2 - ((5 - 2 - 15) + 10) - (1 - -20).
-17
What is the value of 48 + -1 + -8 + (1338 - 1408)?
-31
Evaluate (65 - 2) + 860 + -911.
12
What is the value of ((28 - -2) + -8 - (-5 - -11)) + -25 + 55?
46
Calculate -71 - (-19 + -82 + 1).
29
What is 62 - ((131 - 38) + -91)?
60
What is the value of -2 + 19 + (37 - (-8 - (-12 + -25)))?
25
Evaluate (-5 - (-3 - 5)) + (-15 - -17 - 8).
-3
Calculate (2484 - 2560) + (120 - -1).
45
What is 57 + (-1 + -9 - (3 + 13 + -40))?
71
Calculate 43 - (-2 - 2) - (3552 + -3591).
86
Calculate -285 + 193 - (-3 - (14 - -4) - -4).
-75
Calculate (-42 - (64 + -88)) + (2 - (-7 + -2)).
-7
Evaluate -6 + (61 - 120) - (2 - 27).
-40
What is the value of 43 - (120 + -64 - 48 - (-1 + (10 - 1)))?
43
What is (73 - 66 - (-69 + 0)) + (-6 - (4 + -11))?
77
Evaluate 5 + 5 - (-23 + 38 - -42 - -9).
-56
89 + 15 - 179 - -125
50
Calculate (1 + -15 - -2) + 383 + -316 - 12.
43
Calculate (-1 - (-2 + 1)) + (169 - -22 - 242).
-51
What is the value of (-46 - -39) + (-15 - 14) - 80?
-116
(3 + 2 + 18 - -2) + -147 + 143
21
Evaluate -16 + (-1 - -10) + 3 + 5 + 1 + 62.
64
What is -1 + 38 + (-24 - (24 + -13 + -22))?
24
-54 - (14 - 0 - 32)
-36
Calculate (-15 - (-6 + (3 - -9 - (1 + 10)))) + 57.
47
What is -172 + (7 - -60) - -35?
-70
Evaluate -64 + 8 - (310 - 438).
72
What is -17 + (-23 - (-2 + -54))?
16
Evaluate (46 + -23 - 78) + 33.
-22
Calculate -54 - (62 - (29 + 41)).
-46
What is (-87 - -45 - -29) + -50?
-63
What is the value of 78 - (-51 + 27 + 13)?
89
What is the value of (-59 - -51) + -6 + 0 + -47?
-61
What is 3 + 11 + -17 + (-18 - -4)?
-17
(63 - 5) + (606 - 706)
-42
-3 + 1 + (825 - 811) + 24
36
(134 - 182) + -10 + 15 + 123
80
Evaluate -33 - (34 - (26 + -7 - -132)).
84
What is (43 - ((-50 - -115) + -17)) + 2 + -38?
-41
Calculate -13 + (32 - (-24 - -26) - 19).
-2
What is -34 + -104 + 111 + 118?
91
What is -7 + 23 + -10 - (-5 - 27)?
38
What is 3 + 20 + (15 - 84)?
-46
What is (51 - 45) + -19 - (4 + -25 - 0)?
8
26 + 32 + -46 + 23
35
What is 7 + (-3 - (2 + 0 - -1 - 4)) + -64?
-59
Evaluate 9763 - 9734 - (0 + -71).
100
(0 - 28) + (-10 - -22) + 18 + -30
-28
-1 - (35 + -24 + -17 + 15 + 0 + -5)
-5
What is (4 - (-2 + -25)) + -7 - (-4 - (-11 + -2))?
15
What is 45 - 6 - (5 + (8 - 25)) - 15?
36
What is the value of -77 + (2 - -1 - (0 + -3)) + (-62 - -61)?
-72
What is the value of 14 + (-3 + 16 - (-131 + 115))?
43
(1 - (-26 + 0 + -3)) + -2 + -3
25
What is (-36 - 41) + -29 + 67?
-39
What is -91 + -9 + (-24 - -33) + 28?
-63
Evaluate 0 + -51 - (2 - (-5 + -2) - (85 + -70)).
-45
What is 9 + 12 - 23 - 103?
-105
Evaluate -15 + (33 + 11 + -3 - -33).
59
Evaluate 55 + -1 + -6 + -1 + -12.
35
5 - 14 - (-40 - -47)
-16
2 + -19 - (-19 - 0 - (472 - 443))
31
What is the value of (5 - (10 + -10)) + -9 + (-3 - 1) + 22?
14
What is the value of -72 + 81 + (1 - 11) - -16?
15
What is -8 + 2 + (79 - (-30 - -16)) + -44?
43
(-56 - -58) + (-8 - -18) - (-18 - 0)
30
Evaluate -7 + (-8 - 5) - (142 + -115).
-47
-283 + 240 - (0 - 56)
13
What is 40 + -74 + -227 + 270?
9
What is the value of (143 - 159) + -86 + 16 + -27?
-113
What is the value of 3 + 68 + -40 + -22?
9
Evaluate 2 + -13 + 15 + 0 + -16 - -2 - 18.
-28
What is -146 - -96 - (-1 - -34)?
-83
What is 87 + -1 - (14562 + -14461)?
-15
(15 - (29 + (-14 + 14 - 13))) + (0 - 39)
-40
(123 - 132) + (6 - 5) + 1 + -27
-34
Calculate 15 - (-2 - -2) - (-18 - (-7 - (-28 - -32))).
22
3 + 2 - -7 - (-25 + 19 - -13)
5
What is -12 + (27 - -18) + -84?
-51
What is the value of 10 - 0 - (-11 + (-15 - -29)) - 43?
-36
What is the value of 4 + 38 + -51 - (96 - (-8 + -4 + 7))?
-110
Evaluate (26 - 11) + (-32 + 23 - (-2 - 14)).
22
Evaluate 1055 - 1145 - (-40 + 1).
-51
Calculate 115 + 31 + -147 - -120.
119
-25078 + 25071 - ((-3 - -1) + 5 + -2 - 12)
4
Evaluate 12 + (-2 - (-10 - 0)) + 0 + 13 + -5.
28
-23 + -37 + 39 + 48 + 1
28
-48 - (74 + (-161 - -124))
-85
Evaluate -136 + 101 - (17 - 7).
-45
Evaluate -1 + 17 - (-1002 + 998) - 57.
-37
What is (-496 - -549 - (-14 - -1)) + (1 - (0 - 2))?
69
What is 49 + 11 + (-14 - (-4 + (-1 - (-14 - -4))))?
41
What is the value of -33 + 70 + -9 + (0 - 86)?
-58
What is the value of -9 - (-18 - (18 - 31 - 21))?
-25
What is the value of (-60 - (-37 - 29)) + 2 + -1 + 40?
47
19 + (-1 - 21) + (82 - (59 + 4))
16
Evaluate -75 - (-70 - 170) - 53.
112
19 - -24 - 48 - (2 + -25 - 2)
20
-33 - (-220 + 111 - 46)
122
What is 2 + -44 - (927 + -897)?
-72
What is -8 + (-30 - 8 - (-13 - -3)) + -6 - 8?
-50
Calculate 177 + -72 + -39 - 8.
58
What is the value of -91 - (43 + -38) - -52?
-44
What is (57 + -65 - (-3 + -1 + 4)) + (17 - -37)?
46
32 + (-110 - (-105 - -83))
-56
(384 + -383 - ((-1 - -2) + 9)) + -30
-39
Evaluate (-109 - -55) + 96 - 57.
-15
Calculate 9 + -34 + -5 - -4.
-26
Calculate 85 + (-40 - (29 + -59)).
75
Calculate -107 + (-62 - -44 - (-27 - -4)).
-102
What is the value of -8 + (-23 + (50 - 37) - 2)?
-20
What is (0 + (15 - 26) - (-4 + -12)) + 12?
17
-57 + -51 + 181 - ((1 - 6) + 19)
59
What is 272 + -140 - 120 - (0 - -19)?
-7
Calculate (-1 - 0) + (9 - 9) - (-613 + 613).
-1
Calculate -2 + (4 + -33 + 13 - -7) - 28.
-39
Evaluate (17 - 0) + 74 + 5 + -81.
15
9 + (2 - 1) + 42 + (17 + -61 - -4)
12
-3 + 7 + (-2 - -9 - (16 - 6))
1
What is 27 + (-79 - -39) - (0 + (-1 - -72 - -2))?
-86
(2 - -8) + (-76 + 26 - (-11 + -14))
-15
Calculate -52 - (-28 + 7 - 73).
42
Calculate (85 - (-42 - -76)) + -51.
0
Calculate (88 - 130) + (2 - 3) + -6.
-49
Calculate 31 + -79 - -51 - (-2 - (65 - 2)).
68
Calculate 5 + 7 + -18 - (-1 - (-3 + 2)) - -50.
44
11 - (-1 + 12) - (-13 + -10 + 6 + 6)
11
Evaluate 781 + -759 - (-3 + -5 + 4).
26
What is -8 - (46 + 10 - 74)?
10
What is the value of (16 - 9 - 38) + 56?
25
Calculate -12 + -12 + (-3 + 2 - -21 - -13) - 122.
-113
-165 + 162 + (-6 - -14) + -47 + 2
-40
-6 + (22 - 35) + (3 - -36)
20
What is the value of -15 + 18 + -2 - 10 - -55?
46
Evaluate -129 - (37 - 129 - -4).
-41
What is (84 - 147 - (1 - -8)) + -198 + 217?
-53
Evaluate -21 + 46 + -18 + 18 + -19 + (-1 - -12).
17
-25 + -36 + 73 + -7 + -2 + -1
2
Evaluate -94 + 2 + -5 + (86 + -75 - (0 - -7)).
-93
What is 4 + -1 + -112 + 100 + 65?
56
What is the value of -46 + 19 + 19 + (3 - -18) + -52?
-39
What is the value of (-59 + 111 - 19) + 38?
71
Evaluate -10 + -2 - (-82 - -38 - 1).
33
What is -24 + 23 + -9 + 4 + 5 + -102 + -7?
-110
Evaluate -13 - -11 - -11 - (-5 + (0 - (8 - -31))).
53
-4 - (-21 - (-66 + 35) - (-1 + 25)) - 0
10
Evaluate -17 - -11 - (106 + 16 - 35).
-93
What is the value of 25 - 16 - (1 - (-12 + 13))?
9
2 + 120 + (-43 - (11 + -79))
147
-6 + (68 - 46) + 1 + -29 + 39
27
-13 + (59 - -7) + -93
-40
What is -41 + 16 + (-3 - 34 - (87 + -85))?
-64
What is -27 - (12 + 9 + (16 - (-5 - -16)) + -25)?
-28
What is the value of (4 - 1) + (-59 - (4 - 2)) + (-185 - -191)?
-52
-1 - -2 - (2 + 72 + -54) - 0
-19
What is (35 - (14 - 10) - -2) + -13?
20
10 + -1 + -275 + 236 + -110
-140
(49 - -31 - 4 - 45) + -82
-51
Evaluate (-412 + 388 - (-3 + -2)) + -1.
-20
0 + -10 + -3 + -7 + 15 - -7 - 17
-15
What is -12 + 8 + -4 + 52 + 4 + -11?
37
What is the value of 27 - (97 - (5 +